{"id":146,"date":"2026-02-11T13:57:02","date_gmt":"2026-02-11T12:57:02","guid":{"rendered":"https:\/\/wp.lesourire.be\/?page_id=146"},"modified":"2026-02-26T10:58:26","modified_gmt":"2026-02-26T09:58:26","slug":"le-service-2","status":"publish","type":"page","link":"https:\/\/lesourire.be\/index.php\/le-service-2\/","title":{"rendered":"Le Service"},"content":{"rendered":"\n<p>Les bureaux de l&rsquo;\u00e9quipe psycho-m\u00e9dico-sociale se trouvent au Quai Sakharov, 5 \u00e0 7500 Tournai.<\/p>\n\n\n\n<p>Si vous souhaitez un contact personnalis\u00e9 avec un membre de l&rsquo;\u00e9quipe, vous pouvez vous rendre sur place entre 9h et 12h30 en prenant au pr\u00e9alable RDV, soit par t\u00e9l\u00e9phone au 069\/89.02.00, soit par mail via <a href=\"mailto:info@lesourire.be\">info@lesourire.be<\/a>.<\/p>\n\n\n\n<p>Tous les travailleurs sociaux sont accessibles via leur adresse mail personnelle (voir rubrique <a href=\"https:\/\/lesourire.be\/index.php\/les-tpms\/\" data-type=\"page\" data-id=\"172\">les TPMS<\/a>).<\/p>\n\n\n\n<p>Le Service est totalement ferm\u00e9 entre No\u00ebl et Nouvel An.<\/p>\n\n\n\n<p>En dehors de cette p\u00e9riode, chaque accueillant(e) et chaque TPMS est libre de poser ses jours de cong\u00e9s annuels qu\u2019il\/elle ne manquera pas de communiquer aux familles.<\/p>\n\n\n\n<iframe src=\"https:\/\/www.google.com\/maps\/embed?pb=!1m18!1m12!1m3!1d2531.872747417956!2d3.3849304767783996!3d50.61090207162341!2m3!1f0!2f0!3f0!3m2!1i1024!2i768!4f13.1!3m3!1m2!1s0x47c2dfe03cc261bb%3A0x2f23901236ac52a4!2sLe%20Sourire%20asbl!5e0!3m2!1sfr!2sbe!4v1771850816548!5m2!1sfr!2sbe\" width=\"100%\" height=\"400px\" style=\"border:0;\" allowfullscreen=\"\" loading=\"lazy\" referrerpolicy=\"no-referrer-when-downgrade\"><\/iframe>\n","protected":false},"excerpt":{"rendered":"<p>Les bureaux de l&rsquo;\u00e9quipe psycho-m\u00e9dico-sociale se trouvent au Quai Sakharov, 5 \u00e0 7500 Tournai. Si vous souhaitez un contact personnalis\u00e9 avec un membre de l&rsquo;\u00e9quipe, vous pouvez vous rendre sur place entre 9h et 12h30 en prenant au pr\u00e9alable RDV, soit par t\u00e9l\u00e9phone au 069\/89.02.00, soit par mail via info@lesourire.be. Tous les travailleurs sociaux sont accessibles via leur adresse mail personnelle (voir rubrique les TPMS). Le Service est totalement ferm\u00e9 entre No\u00ebl et Nouvel An. En dehors de cette p\u00e9riode, chaque accueillant(e)<span class=\"more-link theme-more-link\"><a href=\"https:\/\/lesourire.be\/index.php\/le-service-2\/\">En savoir plus<\/a><\/span><\/p>\n","protected":false},"author":1,"featured_media":0,"parent":0,"menu_order":0,"comment_status":"closed","ping_status":"closed","template":"","meta":{"footnotes":""},"class_list":["entry","author-adminsitesourire","post-146","page","type-page","status-publish"],"yoast_head":"<!-- This site is optimized with the Yoast SEO plugin v27.1.1 - https:\/\/yoast.com\/product\/yoast-seo-wordpress\/ -->\n<title>Le Service - LE SOURIRE<\/title>\n<meta name=\"robots\" content=\"index, follow, max-snippet:-1, max-image-preview:large, max-video-preview:-1\" \/>\n<link rel=\"canonical\" href=\"https:\/\/lesourire.be\/index.php\/le-service-2\/\" \/>\n<meta property=\"og:locale\" content=\"fr_FR\" \/>\n<meta property=\"og:type\" content=\"article\" \/>\n<meta property=\"og:title\" content=\"Le Service - LE SOURIRE\" \/>\n<meta property=\"og:description\" content=\"Les bureaux de l&rsquo;\u00e9quipe psycho-m\u00e9dico-sociale se trouvent au Quai Sakharov, 5 \u00e0 7500 Tournai. Si vous souhaitez un contact personnalis\u00e9 avec un membre de l&rsquo;\u00e9quipe, vous pouvez vous rendre sur place entre 9h et 12h30 en prenant au pr\u00e9alable RDV, soit par t\u00e9l\u00e9phone au 069\/89.02.00, soit par mail via info@lesourire.be. Tous les travailleurs sociaux sont accessibles via leur adresse mail personnelle (voir rubrique les TPMS). Le Service est totalement ferm\u00e9 entre No\u00ebl et Nouvel An. En dehors de cette p\u00e9riode, chaque accueillant(e)En savoir plus\" \/>\n<meta property=\"og:url\" content=\"https:\/\/lesourire.be\/index.php\/le-service-2\/\" \/>\n<meta property=\"og:site_name\" content=\"LE SOURIRE\" \/>\n<meta property=\"article:modified_time\" content=\"2026-02-26T09:58:26+00:00\" \/>\n<meta name=\"twitter:card\" content=\"summary_large_image\" \/>\n<meta name=\"twitter:label1\" content=\"Dur\u00e9e de lecture estim\u00e9e\" \/>\n\t<meta name=\"twitter:data1\" content=\"1 minute\" \/>\n<script type=\"application\/ld+json\" class=\"yoast-schema-graph\">{\"@context\":\"https:\/\/schema.org\",\"@graph\":[{\"@type\":\"WebPage\",\"@id\":\"https:\/\/lesourire.be\/index.php\/le-service-2\/\",\"url\":\"https:\/\/lesourire.be\/index.php\/le-service-2\/\",\"name\":\"Le Service - LE SOURIRE\",\"isPartOf\":{\"@id\":\"https:\/\/lesourire.be\/#website\"},\"datePublished\":\"2026-02-11T12:57:02+00:00\",\"dateModified\":\"2026-02-26T09:58:26+00:00\",\"breadcrumb\":{\"@id\":\"https:\/\/lesourire.be\/index.php\/le-service-2\/#breadcrumb\"},\"inLanguage\":\"fr-FR\",\"potentialAction\":[{\"@type\":\"ReadAction\",\"target\":[\"https:\/\/lesourire.be\/index.php\/le-service-2\/\"]}]},{\"@type\":\"BreadcrumbList\",\"@id\":\"https:\/\/lesourire.be\/index.php\/le-service-2\/#breadcrumb\",\"itemListElement\":[{\"@type\":\"ListItem\",\"position\":1,\"name\":\"Accueil\",\"item\":\"https:\/\/lesourire.be\/\"},{\"@type\":\"ListItem\",\"position\":2,\"name\":\"Le Service\"}]},{\"@type\":\"WebSite\",\"@id\":\"https:\/\/lesourire.be\/#website\",\"url\":\"https:\/\/lesourire.be\/\",\"name\":\"LE SOURIRE\",\"description\":\"Service d&#039;Accueillants d&#039;Enfants\",\"publisher\":{\"@id\":\"https:\/\/lesourire.be\/#organization\"},\"potentialAction\":[{\"@type\":\"SearchAction\",\"target\":{\"@type\":\"EntryPoint\",\"urlTemplate\":\"https:\/\/lesourire.be\/?s={search_term_string}\"},\"query-input\":{\"@type\":\"PropertyValueSpecification\",\"valueRequired\":true,\"valueName\":\"search_term_string\"}}],\"inLanguage\":\"fr-FR\"},{\"@type\":\"Organization\",\"@id\":\"https:\/\/lesourire.be\/#organization\",\"name\":\"LE SOURIRE\",\"url\":\"https:\/\/lesourire.be\/\",\"logo\":{\"@type\":\"ImageObject\",\"inLanguage\":\"fr-FR\",\"@id\":\"https:\/\/lesourire.be\/#\/schema\/logo\/image\/\",\"url\":\"https:\/\/lesourire.be\/wp-content\/uploads\/2026\/02\/LOGO-Sourire-1-e1770043020484.png\",\"contentUrl\":\"https:\/\/lesourire.be\/wp-content\/uploads\/2026\/02\/LOGO-Sourire-1-e1770043020484.png\",\"width\":459,\"height\":291,\"caption\":\"LE SOURIRE\"},\"image\":{\"@id\":\"https:\/\/lesourire.be\/#\/schema\/logo\/image\/\"}}]}<\/script>\n<!-- \/ Yoast SEO plugin. -->","yoast_head_json":{"title":"Le Service - LE SOURIRE","robots":{"index":"index","follow":"follow","max-snippet":"max-snippet:-1","max-image-preview":"max-image-preview:large","max-video-preview":"max-video-preview:-1"},"canonical":"https:\/\/lesourire.be\/index.php\/le-service-2\/","og_locale":"fr_FR","og_type":"article","og_title":"Le Service - LE SOURIRE","og_description":"Les bureaux de l&rsquo;\u00e9quipe psycho-m\u00e9dico-sociale se trouvent au Quai Sakharov, 5 \u00e0 7500 Tournai. Si vous souhaitez un contact personnalis\u00e9 avec un membre de l&rsquo;\u00e9quipe, vous pouvez vous rendre sur place entre 9h et 12h30 en prenant au pr\u00e9alable RDV, soit par t\u00e9l\u00e9phone au 069\/89.02.00, soit par mail via info@lesourire.be. Tous les travailleurs sociaux sont accessibles via leur adresse mail personnelle (voir rubrique les TPMS). Le Service est totalement ferm\u00e9 entre No\u00ebl et Nouvel An. En dehors de cette p\u00e9riode, chaque accueillant(e)En savoir plus","og_url":"https:\/\/lesourire.be\/index.php\/le-service-2\/","og_site_name":"LE SOURIRE","article_modified_time":"2026-02-26T09:58:26+00:00","twitter_card":"summary_large_image","twitter_misc":{"Dur\u00e9e de lecture estim\u00e9e":"1 minute"},"schema":{"@context":"https:\/\/schema.org","@graph":[{"@type":"WebPage","@id":"https:\/\/lesourire.be\/index.php\/le-service-2\/","url":"https:\/\/lesourire.be\/index.php\/le-service-2\/","name":"Le Service - LE SOURIRE","isPartOf":{"@id":"https:\/\/lesourire.be\/#website"},"datePublished":"2026-02-11T12:57:02+00:00","dateModified":"2026-02-26T09:58:26+00:00","breadcrumb":{"@id":"https:\/\/lesourire.be\/index.php\/le-service-2\/#breadcrumb"},"inLanguage":"fr-FR","potentialAction":[{"@type":"ReadAction","target":["https:\/\/lesourire.be\/index.php\/le-service-2\/"]}]},{"@type":"BreadcrumbList","@id":"https:\/\/lesourire.be\/index.php\/le-service-2\/#breadcrumb","itemListElement":[{"@type":"ListItem","position":1,"name":"Accueil","item":"https:\/\/lesourire.be\/"},{"@type":"ListItem","position":2,"name":"Le Service"}]},{"@type":"WebSite","@id":"https:\/\/lesourire.be\/#website","url":"https:\/\/lesourire.be\/","name":"LE SOURIRE","description":"Service d&#039;Accueillants d&#039;Enfants","publisher":{"@id":"https:\/\/lesourire.be\/#organization"},"potentialAction":[{"@type":"SearchAction","target":{"@type":"EntryPoint","urlTemplate":"https:\/\/lesourire.be\/?s={search_term_string}"},"query-input":{"@type":"PropertyValueSpecification","valueRequired":true,"valueName":"search_term_string"}}],"inLanguage":"fr-FR"},{"@type":"Organization","@id":"https:\/\/lesourire.be\/#organization","name":"LE SOURIRE","url":"https:\/\/lesourire.be\/","logo":{"@type":"ImageObject","inLanguage":"fr-FR","@id":"https:\/\/lesourire.be\/#\/schema\/logo\/image\/","url":"https:\/\/lesourire.be\/wp-content\/uploads\/2026\/02\/LOGO-Sourire-1-e1770043020484.png","contentUrl":"https:\/\/lesourire.be\/wp-content\/uploads\/2026\/02\/LOGO-Sourire-1-e1770043020484.png","width":459,"height":291,"caption":"LE SOURIRE"},"image":{"@id":"https:\/\/lesourire.be\/#\/schema\/logo\/image\/"}}]}},"_links":{"self":[{"href":"https:\/\/lesourire.be\/index.php\/wp-json\/wp\/v2\/pages\/146","targetHints":{"allow":["GET"]}}],"collection":[{"href":"https:\/\/lesourire.be\/index.php\/wp-json\/wp\/v2\/pages"}],"about":[{"href":"https:\/\/lesourire.be\/index.php\/wp-json\/wp\/v2\/types\/page"}],"author":[{"embeddable":true,"href":"https:\/\/lesourire.be\/index.php\/wp-json\/wp\/v2\/users\/1"}],"replies":[{"embeddable":true,"href":"https:\/\/lesourire.be\/index.php\/wp-json\/wp\/v2\/comments?post=146"}],"version-history":[{"count":13,"href":"https:\/\/lesourire.be\/index.php\/wp-json\/wp\/v2\/pages\/146\/revisions"}],"predecessor-version":[{"id":482,"href":"https:\/\/lesourire.be\/index.php\/wp-json\/wp\/v2\/pages\/146\/revisions\/482"}],"wp:attachment":[{"href":"https:\/\/lesourire.be\/index.php\/wp-json\/wp\/v2\/media?parent=146"}],"curies":[{"name":"wp","href":"https:\/\/api.w.org\/{rel}","templated":true}]}}