{"id":203,"date":"2026-02-12T08:59:32","date_gmt":"2026-02-12T07:59:32","guid":{"rendered":"https:\/\/wp.lesourire.be\/?page_id=203"},"modified":"2026-02-26T11:01:06","modified_gmt":"2026-02-26T10:01:06","slug":"procedure","status":"publish","type":"page","link":"https:\/\/lesourire.be\/index.php\/procedure\/","title":{"rendered":"Proc\u00e9dure"},"content":{"rendered":"\n<p>Pour r\u00e9aliser une demande d&rsquo;inscription, commencez par effectuer les d\u00e9marches de pr\u00e9-demande sur le site <a href=\"https:\/\/my.one.be\/\" target=\"_blank\" rel=\"noreferrer noopener\">My.ONE<\/a>. Si Le Sourire vous est sugg\u00e9r\u00e9 comme correspondant \u00e0 votre recherche, vous pouvez remplir une demande d&rsquo;accueil via <a href=\"https:\/\/www.bekid.be\/registration-requests?registrationFormId=826aea1f-9cc4-4cc3-9652-cf68ac7abdc6&amp;tenantId=cdf88dbc-b7c4-4306-8f3f-6025327d1716\" target=\"_blank\" rel=\"noreferrer noopener\">ce lien<\/a> ou nous contacter par t\u00e9l\u00e9phone lors de nos permanences matinales.<\/p>\n\n\n\n<p>Vous recevrez ensuite par mail une confirmation de r\u00e9ception de la demande. Apr\u00e8s examen des places disponibles pour la p\u00e9riode que vous avez demand\u00e9e, nous revenons vers vous par mail avec les coordonn\u00e9es des accueillant(e)s qui r\u00e9pondent \u00e0 vos recherches. C&rsquo;est ensuite \u00e0 vous de prendre contact avec elles\/eux pour les rencontrer et de nous relayer votre pr\u00e9f\u00e9rence pour que nous bloquions d\u00e9finitivement cette place pour vous.<\/p>\n\n\n\n<p>Le\/la TPMS qui encadre cet(te) accueillant(e) fixera un rendez-vous avec vous plusieurs semaines avant le d\u00e9but de l&rsquo;accueil pour remplir le contrat d&rsquo;accueil et vous expliquer toutes les modalit\u00e9s d&rsquo;usage. L&rsquo;accueil de votre enfant d\u00e9marrera toujours par une p\u00e9riode de familiarisation en votre pr\u00e9sence afin d&rsquo;\u00e9changer sur ses sp\u00e9cificit\u00e9s et habitudes, puis par une p\u00e9riode d&rsquo;adaptation o\u00f9 des plages d&rsquo;accueil de plus en plus longues seront envisag\u00e9es pour que votre petit bout trouve ses rep\u00e8res en toute confiance.<\/p>\n\n\n\n<figure class=\"wp-block-image size-large is-resized\"><img loading=\"lazy\" decoding=\"async\" width=\"2560\" height=\"1921\" src=\"https:\/\/lesourire.be\/wp-content\/uploads\/2026\/02\/bebe-edited-scaled.jpg\" alt=\"\" class=\"wp-image-449\" style=\"width:329px;height:auto\" srcset=\"https:\/\/lesourire.be\/wp-content\/uploads\/2026\/02\/bebe-edited-scaled.jpg 2560w, https:\/\/lesourire.be\/wp-content\/uploads\/2026\/02\/bebe-edited-300x225.jpg 300w, https:\/\/lesourire.be\/wp-content\/uploads\/2026\/02\/bebe-edited-1024x768.jpg 1024w, https:\/\/lesourire.be\/wp-content\/uploads\/2026\/02\/bebe-edited-768x576.jpg 768w, https:\/\/lesourire.be\/wp-content\/uploads\/2026\/02\/bebe-edited-1536x1152.jpg 1536w, https:\/\/lesourire.be\/wp-content\/uploads\/2026\/02\/bebe-edited-2048x1537.jpg 2048w, https:\/\/lesourire.be\/wp-content\/uploads\/2026\/02\/bebe-edited-465x349.jpg 465w, https:\/\/lesourire.be\/wp-content\/uploads\/2026\/02\/bebe-edited-666x500.jpg 666w\" sizes=\"auto, (max-width: 2560px) 100vw, 2560px\" \/><\/figure>\n","protected":false},"excerpt":{"rendered":"<p>Pour r\u00e9aliser une demande d&rsquo;inscription, commencez par effectuer les d\u00e9marches de pr\u00e9-demande sur le site My.ONE. Si Le Sourire vous est sugg\u00e9r\u00e9 comme correspondant \u00e0 votre recherche, vous pouvez remplir une demande d&rsquo;accueil via ce lien ou nous contacter par t\u00e9l\u00e9phone lors de nos permanences matinales. Vous recevrez ensuite par mail une confirmation de r\u00e9ception de la demande. Apr\u00e8s examen des places disponibles pour la p\u00e9riode que vous avez demand\u00e9e, nous revenons vers vous par mail avec les coordonn\u00e9es des accueillant(e)s qui<span class=\"more-link theme-more-link\"><a href=\"https:\/\/lesourire.be\/index.php\/procedure\/\">En savoir plus<\/a><\/span><\/p>\n","protected":false},"author":1,"featured_media":0,"parent":0,"menu_order":0,"comment_status":"closed","ping_status":"closed","template":"","meta":{"footnotes":""},"class_list":["entry","author-adminsitesourire","post-203","page","type-page","status-publish"],"yoast_head":"<!-- This site is optimized with the Yoast SEO plugin v27.1.1 - https:\/\/yoast.com\/product\/yoast-seo-wordpress\/ -->\n<title>Proc\u00e9dure - LE SOURIRE<\/title>\n<meta name=\"robots\" content=\"index, follow, max-snippet:-1, max-image-preview:large, max-video-preview:-1\" \/>\n<link rel=\"canonical\" href=\"https:\/\/lesourire.be\/index.php\/procedure\/\" \/>\n<meta property=\"og:locale\" content=\"fr_FR\" \/>\n<meta property=\"og:type\" content=\"article\" \/>\n<meta property=\"og:title\" content=\"Proc\u00e9dure - LE SOURIRE\" \/>\n<meta property=\"og:description\" content=\"Pour r\u00e9aliser une demande d&rsquo;inscription, commencez par effectuer les d\u00e9marches de pr\u00e9-demande sur le site My.ONE. Si Le Sourire vous est sugg\u00e9r\u00e9 comme correspondant \u00e0 votre recherche, vous pouvez remplir une demande d&rsquo;accueil via ce lien ou nous contacter par t\u00e9l\u00e9phone lors de nos permanences matinales. Vous recevrez ensuite par mail une confirmation de r\u00e9ception de la demande. Apr\u00e8s examen des places disponibles pour la p\u00e9riode que vous avez demand\u00e9e, nous revenons vers vous par mail avec les coordonn\u00e9es des accueillant(e)s quiEn savoir plus\" \/>\n<meta property=\"og:url\" content=\"https:\/\/lesourire.be\/index.php\/procedure\/\" \/>\n<meta property=\"og:site_name\" content=\"LE SOURIRE\" \/>\n<meta property=\"article:modified_time\" content=\"2026-02-26T10:01:06+00:00\" \/>\n<meta property=\"og:image\" content=\"https:\/\/lesourire.be\/wp-content\/uploads\/2026\/02\/bebe-edited-scaled.jpg\" \/>\n\t<meta property=\"og:image:width\" content=\"2560\" \/>\n\t<meta property=\"og:image:height\" content=\"1921\" \/>\n\t<meta property=\"og:image:type\" content=\"image\/jpeg\" \/>\n<meta name=\"twitter:card\" content=\"summary_large_image\" \/>\n<meta name=\"twitter:label1\" content=\"Dur\u00e9e de lecture estim\u00e9e\" \/>\n\t<meta name=\"twitter:data1\" content=\"1 minute\" \/>\n<script type=\"application\/ld+json\" class=\"yoast-schema-graph\">{\"@context\":\"https:\/\/schema.org\",\"@graph\":[{\"@type\":\"WebPage\",\"@id\":\"https:\/\/lesourire.be\/index.php\/procedure\/\",\"url\":\"https:\/\/lesourire.be\/index.php\/procedure\/\",\"name\":\"Proc\u00e9dure - LE SOURIRE\",\"isPartOf\":{\"@id\":\"https:\/\/lesourire.be\/#website\"},\"primaryImageOfPage\":{\"@id\":\"https:\/\/lesourire.be\/index.php\/procedure\/#primaryimage\"},\"image\":{\"@id\":\"https:\/\/lesourire.be\/index.php\/procedure\/#primaryimage\"},\"thumbnailUrl\":\"https:\/\/lesourire.be\/wp-content\/uploads\/2026\/02\/bebe-edited-scaled.jpg\",\"datePublished\":\"2026-02-12T07:59:32+00:00\",\"dateModified\":\"2026-02-26T10:01:06+00:00\",\"breadcrumb\":{\"@id\":\"https:\/\/lesourire.be\/index.php\/procedure\/#breadcrumb\"},\"inLanguage\":\"fr-FR\",\"potentialAction\":[{\"@type\":\"ReadAction\",\"target\":[\"https:\/\/lesourire.be\/index.php\/procedure\/\"]}]},{\"@type\":\"ImageObject\",\"inLanguage\":\"fr-FR\",\"@id\":\"https:\/\/lesourire.be\/index.php\/procedure\/#primaryimage\",\"url\":\"https:\/\/lesourire.be\/wp-content\/uploads\/2026\/02\/bebe-edited-scaled.jpg\",\"contentUrl\":\"https:\/\/lesourire.be\/wp-content\/uploads\/2026\/02\/bebe-edited-scaled.jpg\",\"width\":2560,\"height\":1921},{\"@type\":\"BreadcrumbList\",\"@id\":\"https:\/\/lesourire.be\/index.php\/procedure\/#breadcrumb\",\"itemListElement\":[{\"@type\":\"ListItem\",\"position\":1,\"name\":\"Accueil\",\"item\":\"https:\/\/lesourire.be\/\"},{\"@type\":\"ListItem\",\"position\":2,\"name\":\"Proc\u00e9dure\"}]},{\"@type\":\"WebSite\",\"@id\":\"https:\/\/lesourire.be\/#website\",\"url\":\"https:\/\/lesourire.be\/\",\"name\":\"LE SOURIRE\",\"description\":\"Service d&#039;Accueillants d&#039;Enfants\",\"publisher\":{\"@id\":\"https:\/\/lesourire.be\/#organization\"},\"potentialAction\":[{\"@type\":\"SearchAction\",\"target\":{\"@type\":\"EntryPoint\",\"urlTemplate\":\"https:\/\/lesourire.be\/?s={search_term_string}\"},\"query-input\":{\"@type\":\"PropertyValueSpecification\",\"valueRequired\":true,\"valueName\":\"search_term_string\"}}],\"inLanguage\":\"fr-FR\"},{\"@type\":\"Organization\",\"@id\":\"https:\/\/lesourire.be\/#organization\",\"name\":\"LE SOURIRE\",\"url\":\"https:\/\/lesourire.be\/\",\"logo\":{\"@type\":\"ImageObject\",\"inLanguage\":\"fr-FR\",\"@id\":\"https:\/\/lesourire.be\/#\/schema\/logo\/image\/\",\"url\":\"https:\/\/lesourire.be\/wp-content\/uploads\/2026\/02\/LOGO-Sourire-1-e1770043020484.png\",\"contentUrl\":\"https:\/\/lesourire.be\/wp-content\/uploads\/2026\/02\/LOGO-Sourire-1-e1770043020484.png\",\"width\":459,\"height\":291,\"caption\":\"LE SOURIRE\"},\"image\":{\"@id\":\"https:\/\/lesourire.be\/#\/schema\/logo\/image\/\"}}]}<\/script>\n<!-- \/ Yoast SEO plugin. -->","yoast_head_json":{"title":"Proc\u00e9dure - LE SOURIRE","robots":{"index":"index","follow":"follow","max-snippet":"max-snippet:-1","max-image-preview":"max-image-preview:large","max-video-preview":"max-video-preview:-1"},"canonical":"https:\/\/lesourire.be\/index.php\/procedure\/","og_locale":"fr_FR","og_type":"article","og_title":"Proc\u00e9dure - LE SOURIRE","og_description":"Pour r\u00e9aliser une demande d&rsquo;inscription, commencez par effectuer les d\u00e9marches de pr\u00e9-demande sur le site My.ONE. Si Le Sourire vous est sugg\u00e9r\u00e9 comme correspondant \u00e0 votre recherche, vous pouvez remplir une demande d&rsquo;accueil via ce lien ou nous contacter par t\u00e9l\u00e9phone lors de nos permanences matinales. Vous recevrez ensuite par mail une confirmation de r\u00e9ception de la demande. Apr\u00e8s examen des places disponibles pour la p\u00e9riode que vous avez demand\u00e9e, nous revenons vers vous par mail avec les coordonn\u00e9es des accueillant(e)s quiEn savoir plus","og_url":"https:\/\/lesourire.be\/index.php\/procedure\/","og_site_name":"LE SOURIRE","article_modified_time":"2026-02-26T10:01:06+00:00","og_image":[{"width":2560,"height":1921,"url":"https:\/\/lesourire.be\/wp-content\/uploads\/2026\/02\/bebe-edited-scaled.jpg","type":"image\/jpeg"}],"twitter_card":"summary_large_image","twitter_misc":{"Dur\u00e9e de lecture estim\u00e9e":"1 minute"},"schema":{"@context":"https:\/\/schema.org","@graph":[{"@type":"WebPage","@id":"https:\/\/lesourire.be\/index.php\/procedure\/","url":"https:\/\/lesourire.be\/index.php\/procedure\/","name":"Proc\u00e9dure - LE SOURIRE","isPartOf":{"@id":"https:\/\/lesourire.be\/#website"},"primaryImageOfPage":{"@id":"https:\/\/lesourire.be\/index.php\/procedure\/#primaryimage"},"image":{"@id":"https:\/\/lesourire.be\/index.php\/procedure\/#primaryimage"},"thumbnailUrl":"https:\/\/lesourire.be\/wp-content\/uploads\/2026\/02\/bebe-edited-scaled.jpg","datePublished":"2026-02-12T07:59:32+00:00","dateModified":"2026-02-26T10:01:06+00:00","breadcrumb":{"@id":"https:\/\/lesourire.be\/index.php\/procedure\/#breadcrumb"},"inLanguage":"fr-FR","potentialAction":[{"@type":"ReadAction","target":["https:\/\/lesourire.be\/index.php\/procedure\/"]}]},{"@type":"ImageObject","inLanguage":"fr-FR","@id":"https:\/\/lesourire.be\/index.php\/procedure\/#primaryimage","url":"https:\/\/lesourire.be\/wp-content\/uploads\/2026\/02\/bebe-edited-scaled.jpg","contentUrl":"https:\/\/lesourire.be\/wp-content\/uploads\/2026\/02\/bebe-edited-scaled.jpg","width":2560,"height":1921},{"@type":"BreadcrumbList","@id":"https:\/\/lesourire.be\/index.php\/procedure\/#breadcrumb","itemListElement":[{"@type":"ListItem","position":1,"name":"Accueil","item":"https:\/\/lesourire.be\/"},{"@type":"ListItem","position":2,"name":"Proc\u00e9dure"}]},{"@type":"WebSite","@id":"https:\/\/lesourire.be\/#website","url":"https:\/\/lesourire.be\/","name":"LE SOURIRE","description":"Service d&#039;Accueillants d&#039;Enfants","publisher":{"@id":"https:\/\/lesourire.be\/#organization"},"potentialAction":[{"@type":"SearchAction","target":{"@type":"EntryPoint","urlTemplate":"https:\/\/lesourire.be\/?s={search_term_string}"},"query-input":{"@type":"PropertyValueSpecification","valueRequired":true,"valueName":"search_term_string"}}],"inLanguage":"fr-FR"},{"@type":"Organization","@id":"https:\/\/lesourire.be\/#organization","name":"LE SOURIRE","url":"https:\/\/lesourire.be\/","logo":{"@type":"ImageObject","inLanguage":"fr-FR","@id":"https:\/\/lesourire.be\/#\/schema\/logo\/image\/","url":"https:\/\/lesourire.be\/wp-content\/uploads\/2026\/02\/LOGO-Sourire-1-e1770043020484.png","contentUrl":"https:\/\/lesourire.be\/wp-content\/uploads\/2026\/02\/LOGO-Sourire-1-e1770043020484.png","width":459,"height":291,"caption":"LE SOURIRE"},"image":{"@id":"https:\/\/lesourire.be\/#\/schema\/logo\/image\/"}}]}},"_links":{"self":[{"href":"https:\/\/lesourire.be\/index.php\/wp-json\/wp\/v2\/pages\/203","targetHints":{"allow":["GET"]}}],"collection":[{"href":"https:\/\/lesourire.be\/index.php\/wp-json\/wp\/v2\/pages"}],"about":[{"href":"https:\/\/lesourire.be\/index.php\/wp-json\/wp\/v2\/types\/page"}],"author":[{"embeddable":true,"href":"https:\/\/lesourire.be\/index.php\/wp-json\/wp\/v2\/users\/1"}],"replies":[{"embeddable":true,"href":"https:\/\/lesourire.be\/index.php\/wp-json\/wp\/v2\/comments?post=203"}],"version-history":[{"count":13,"href":"https:\/\/lesourire.be\/index.php\/wp-json\/wp\/v2\/pages\/203\/revisions"}],"predecessor-version":[{"id":483,"href":"https:\/\/lesourire.be\/index.php\/wp-json\/wp\/v2\/pages\/203\/revisions\/483"}],"wp:attachment":[{"href":"https:\/\/lesourire.be\/index.php\/wp-json\/wp\/v2\/media?parent=203"}],"curies":[{"name":"wp","href":"https:\/\/api.w.org\/{rel}","templated":true}]}}